?
-1452526
In base 10, what is -646 - -6039?
5393
In base 14, what is -25 + -2983354?
-2983379
In base 15, what is ea1abd - 17?
ea1aa6
In base 3, what is -1010101211010 + 122?
-1010101210111
In base 13, what is 1670017 - 23?
166ccc4
In base 11, what is 16 - 803158?
-803142
In base 13, what is -88bc1545 + 5?
-88bc1540
In base 16, what is -1e + -ca5ba4?
-ca5bc2
In base 5, what is -12043 - -13032140?
13020042
In base 15, what is -25 - 336584?
-3365a9
In base 3, what is -111111200121202111 - 0?
-111111200121202111
In base 16, what is -9 - 44a226?
-44a22f
In base 9, what is 5 + 18882331?
18882336
In base 13, what is -1194 + -5420?
-65b4
In base 12, what is -2 + 1a44664?
1a44662
In base 9, what is 5 + 1573183?
1573188
In base 13, what is -161673 + -3?
-161676
In base 11, what is 5170 - -26756?
30916
In base 6, what is -11 + -1153155245?
-1153155300
In base 15, what is 2d421676 + 0?
2d421676
In base 9, what is 23845 + 10?
23855
In base 2, what is -1001000011010110 + 100011?
-1001000010110011
In base 9, what is -1 + -2633565?
-2633566
In base 14, what is -3 - -17140c1?
17140bc
In base 7, what is -123 + 12133014?
12132561
In base 9, what is -1516372614 - 4?
-1516372618
In base 5, what is 131401 - 113244?
13102
In base 12, what is -44b + 238977?
238528
In base 5, what is 11231443 - -40?
11232033
In base 11, what is -24302457 + 1?
-24302456
In base 12, what is 3b9 - 6805?
-6408
In base 11, what is -35878615 + -2?
-35878617
In base 5, what is 20004 + 342322?
412331
In base 5, what is -32420441132 + -3?
-32420441140
In base 13, what is c50 - 8727?
-77a7
In base 7, what is 124 - 24415463?
-24415336
In base 4, what is 11 - 3113323321100?
-3113323321023
In base 5, what is -3203 - -3122222?
3114014
In base 8, what is 6741501434 + -1?
6741501433
In base 16, what is -8cb - -541?
-38a
In base 14, what is -7487b29 - 2?
-7487b2b
In base 3, what is -211102202 - 1100202012?
-2012011221
In base 5, what is 12304414344 - -2?
12304414401
In base 6, what is -1 + 333320542?
333320541
In base 5, what is 0 - -1424332344?
1424332344
In base 13, what is 4290a9c6 - -5?
4290a9cb
In base 5, what is -3 - 203420442312?
-203420442320
In base 14, what is 1d8 + -852d6?
-850dc
In base 11, what is -345 - -167676?
167331
In base 12, what is -110074 - 24?
-110098
In base 15, what is 4eb9b8 + 5?
4eb9bd
In base 2, what is -1011101101110110010 + 1000100?
-1011101101101101110
In base 9, what is -16 - -5433020?
5433003
In base 11, what is 49 + 29a31a7?
29a3245
In base 16, what is 2 - -9a03b1f?
9a03b21
In base 5, what is -141231 - -21303140?
21111404
In base 12, what is -51 - -49a83?
49a32
In base 16, what is -6 + 30f1819?
30f1813
In base 14, what is 4354 + 518?
486c
In base 4, what is 1322233 + -1220?
1321013
In base 6, what is 4204 - -212135?
220343
In base 9, what is 4104 + -3218?
775
In base 2, what is -1101001111011000110001 - -1000?
-1101001111011000101001
In base 4, what is -223001 - -1012022202?
1011133201
In base 16, what is 1 - -1ada8?
1ada9
In base 4, what is 3222103 + -113332?
3102111
In base 12, what is -8b6031 + 2b?
-8b6002
In base 13, what is 4 + 565272?
565276
In base 13, what is 27 + 6031b?
60345
In base 16, what is 182 - 1c8ea?
-1c768
In base 5, what is -1111 - -321101?
314440
In base 10, what is -1250 - -27088?
25838
In base 12, what is -b01 + 11790?
1088b
In base 15, what is -2ad - c55?
-1013
In base 3, what is -21001020 - 11112101?
-102120121
In base 10, what is 9 + -76897?
-76888
In base 15, what is -448c3 + 21?
-448a2
In base 7, what is -10341 + 322524?
312153
In base 5, what is 4224323 - 4413?
4214410
In base 8, what is 6310 + 45056?
53366
In base 5, what is 320011 - -3234220?
4104231
In base 15, what is 7727 + -982?
6c95
In base 4, what is -23010330131 - 22?
-23010330213
In base 8, what is -110316651 - 0?
-110316651
In base 5, what is -1030022 + 33042?
-441430
In base 5, what is 3 - 23321024140?
-23321024132
In base 5, what is -14323 - 2433202?
-3003030
In base 6, what is -5141 - -3032450?
3023305
In base 12, what is -5b58b98 - -4?
-5b58b94
In base 7, what is -32106355320 + 0?
-32106355320
In base 7, what is 5402416164 - 10?
5402416154
In base 4, what is -12 + -332222131?
-332222203
In base 13, what is 56 + -457?
-401
In base 10, what is 5 - 3005574?
-3005569
In base 8, what is -2473 - -26065?
23372
In base 13, what is -5 - 408022?
-408027
In base 16, what is 1 + 88a527?
88a528
In base 9, what is 37856 + -1002?
36854
In base 10, what is 3190 + 6935?
10125
In base 5, what is -1233304311 + 1?
-1233304310
In base 7, what is -12 - -305640622?
305640610
In base 5, what is 10 + 2411303101?
2411303111
In base 14, what is 9 - -2226124?
222612d
In base 2, what is 110110 + -10110001100101110?
-10110001011111000
In base 10, what is -11286 + -1129?
-12415
In base 2, what is -11100101000010011000 - 11101?
-11100101000010110101
In base 7, what is 3051 - 15263?
-12212
In base 5, what is -442401331 - -3213?
-442343113
In base 10, what is 6295 - 2264?
4031
In base 9, what is 4 + 2157578?
2157583
In base 8, what is 3 - 77516163?
-77516160
In base 11, what is 2 - -284374a?
2843751
In base 15, what is -27c97 + e4?
-27ba3
In base 16, what is -2b + -1f212?
-1f23d
In base 12, what is -53 + 83350a?
833477
In base 5, what is 3 + 13340311011?
13340311014
In base 8, what is 54137 + -24715?
27222
In base 7, what is -12062332 + -51?
-12062413
In base 9, what is 702 + -31706?
-31004
In base 16, what is 1e - -97e5d?
97e7b
In base 5, what is -3130123402 + 1?
-3130123401
In base 12, what is -a74341 + 2?
-a7433b
In base 7, what is -26230 - 10650?
-40210
In base 4, what is -3111 - -11122121?
11113010
In base 9, what is 133 + -225665?
-225532
In base 12, what is -64ab - -99?
-6412
In base 16, what is e8 - -b1ba?
b2a2
In base 12, what is a1 + -6273a?
-62659
In base 5, what is -342 - 1112041?
-1112433
In base 3, what is 212122202222 - -1200?
212122211122
In base 3, what is -22 - -112212122212022210?
112212122212022111
In base 11, what is a2 - -60874a?
608841
In base 8, what is 21652 + 31433?
53305
In base 13, what is 5 - -536254?
536259
In base 2, what is 1101101110 - -11000011?
10000110001
In base 2, what is -1010111111110011100101 + -1?
-1010111111110011100110
In base 5, what is -12024104312 + 2?
-12024104310
In base 4, what is 131332221 - 100?
131332121
In base 3, what is 120 - -11011120112210002?
11011120112210122
In base 5, what is 311 - -1213344?
1214210
In base 12, what is 1299 - 1404?
-127
In base 7, what is -122302 + 45360?
-43612
In base 10, what is 3 + 253968749?
253968752
In base 15, what is -26 + -b509d?
-b50c4
In base 12, what is 17ba71 - 1a2?
17b88b
In base 12, what is 2 - -4369a6?
4369a8
In base 16, what is -7bcc4 - 531?
-7c1f5
In base 10, what is -1792 + -6685?
-8477
In base 3, what is -112020102202201 + 1222?
-112020102200202
In base 13, what is -535 + -2312?
-2847
In base 13, what is -2b66 + -4c31?
-7a97
In base 5, what is 3441421312 - -32?
3441421344
In base 11, what is -6 - -15a3a9?
15a3a3
In base 13, what is 586c + 5908?
b477
In base 11, what is 40419a2 - -5?
40419a7
In base 14, what is -11cd + 496?
-b37
In base 4, what is -323 - 22130331?
-22131320
In base 13, what is -119189c - 0?
-119189c
In base 12, what is -2 - 54769451?
-54769453
In base 8, what is 46 - 10214502?
-10214434
In base 4, what is 3330102 - 1232123?
2031313
In base 4, what is -30002131300 + -2?
-30002131302
In base 4, what is 1002212232 - 2?
1002212230
In base 6, what is -3352343 - 3102?
-3355445
In base 10, what is -7050 - -184?
-6866
In base 8, what is -3 - 23133343?
-23133346
In base 5, what is 20024 + 231003?
301032
In base 7, what is 42232 - 536465?
-464233
In base 15, what is -21032a + -46?
-210371
In base 4, what is 10 + -3133111333?
-3133111323
In base 10, what is -136101 + 614?
-135487
In base 14, what is -5dad24 - c?
-5dad32
In base 12, what is -4 + -190ab89?
-190ab91
In base 5, what is -14 + 41000331?
41000312
In base 4, what is 122 - 23203022312?
-23203022130
In base 6, what is 150 - 111152213?
-111152023
In base 8, what is 126516 + 320?
127036
In base 6, what is -41532213053 - 4?
-41532213101
In base 6, what is -130 + -34432142?
-34432312
In base 6, what is 2044431 - -1054?
2045525
In base 8, what is -3 - -34345317?
34345314
In base 6, what is 2 + -53014542?
-53014540
In base 16, what is 3 - 3306709?
